13
Let c(i) be the first derivative of i**4/4 + 5*i**3/3 - 3*i**2 + 2*i - 57. What is c(-6)?
2
Let k(j) = j - 1. Let p(y) = -2. Let x(s) = -6*k(s) + 3*p(s). Calculate x(-2).
12
Let n(h) = -h**3 - 6*h**2 - 6*h - 6. Let w(v) = -v**2 - 2*v. Let a be w(-2). Suppose 2*b + f - 9 = 0, a = -5*b + 4*b + f - 3. Let g = b - 7. Determine n(g).
-1
Let k(u) = 2*u**3 + 18*u**2 + 16*u - 1. Let n be k(-8). Let h(q) = 2*q - 1. What is h(n)?
-3
Let j(r) = -3*r + 1. Let v(b) = -10*b + 2. Let g(i) = 4*j(i) - v(i). Give g(1).
0
Let t(k) = -k + 21. Let g(l) = 4*l**2 - 23*l + 47. Let u be g(3). What is t(u)?
7
Let x(w) = -12*w + 1. Let h be x(1). Let p = h - -13. Let d(t) = t + 0*t - 2 + 4 - p*t. Give d(-4).
6
Let f be 2/(-7) - (-420)/98. Let w(q) be the second derivative of 0 - 2*q**2 + 4*q + 1/6*q**3. What is w(f)?
0
Let s be (14/(-4) - -3)*-6. Let x(g) = 5*g - 4. Let h(q) = 14*q - 12. Let z = -35 - -46. Let y(m) = z*x(m) - 4*h(m). What is y(s)?
1
Suppose -22*r + 13*r = -18. Let l(b) be the second derivative of b**4/24 - b**2/2 - b. Let s(a) be the first derivative of l(a). Give s(r).
2
Let u(a) be the second derivative of -5/12*a**4 - 5/6*a**3 + 0 - 17*a - 1/2*a**2 + 1/20*a**5. What is u(6)?
5
Let x(r) = -3*r**2 + r + 2. Let w be (2 - (-2)/(-10)) + 64/(-80). Let k(s) = 4*s**2 + 5*s - 7. Let b be k(w). Give x(b).
-8
Let t = -13 - -16. Let y = 0 - -3. Suppose t = y*v - r - 7, 2*r - 10 = 0. Let o(z) = z**3 - 5*z**2 + z - 4. Determine o(v).
1
Let s(z) be the third derivative of -z**7/2520 - z**6/144 + z**5/12 + 22*z**2. Let x(r) be the third derivative of s(r). Give x(-5).
5
Let x be 3*(3/(-12) - 85/60). Let w(z) = 4*z**2 - 15*z + 13. Let h(o) = -5*o**2 + 16*o - 14. Let u(y) = x*h(y) - 6*w(y). What is u(-10)?
-8
Let o(r) be the third derivative of r**6/120 + r**5/10 - 7*r**4/24 - 7*r**3/6 + 3*r**2 + 4*r. Give o(-7).
-7
Let i(h) = -2*h**2 + 7*h - 5. Let d(v) = -v**2 + 4*v - 3. Let c(r) = -5*d(r) + 3*i(r). Let p be c(-2). Let t(x) = -x - 4 - 4 - 4. Determine t(p).
-6
Let v(o) = o**2 - o + 1. Let x be (-28)/(-2 - 0/(-3)). Suppose 9*i = x*i - 10. Let r be i/(-6) - (-1)/3. Give v(r).
1
Let o(k) be the first derivative of 12 - 1/3*k**3 + 0*k**2 - 4*k. What is o(3)?
-13
Let t(a) be the first derivative of a**4/4 - 5*a**3/3 + a**2 - 10*a + 55. Let v be t(5). Let g(o) = o + 9. Give g(v).
9
Suppose j + 3*o - 17 = 0, 5*j - 132*o + 129*o = 49. Let h(f) = 5*f - 61. Calculate h(j).
-6
Let p(a) = -a**2 - 16*a - 28. Let s be p(-14). Let z(y) = -3*y + 5. Calculate z(s).
5
Let t(h) = -3*h - 8. Let u be t(-6). Let f = 15 - u. Let z be 12/f + 10/(-25). Let n(i) = i**3 - 3*i**2 + 3*i - 2. Give n(z).
0
Let a(o) be the first derivative of 11*o**4/4 + o**3/3 - o**2/2 - o + 114. Give a(-1).
-10
Let o(i) = 160*i + 0*i**2 - 158*i + 1 - 2 - 2*i**2 - 4*i**3. What is o(1)?
-5
Let g(y) = -4*y - 3*y**2 + 2*y**2 + 5*y + 17 - 4*y - 11. Let j = -8 + 3. Determine g(j).
-4
Let l(y) = -9*y**3 + 3*y**2 + 2*y - 1. Let h be l(-1). Let p(s) = -s**2 + 6*s - 8. Give p(h).
-35
Let z = 448 - 445. Let l(x) = -9*x + 3. Give l(z).
-24
Let l = -110 + 117. Let h(o) = -4 - l + 11*o - 9*o + 4. Calculate h(-5).
-17
Let z(n) = -2*n + 3*n**2 - 29 - 3*n**2 + n**3 + 26. Suppose -4 = 3*d - d. Give z(d).
-7
Let h(f) be the third derivative of 5*f**4/24 - f**3/2 + 10*f**2 - 2*f. What is h(2)?
7
Let b(r) be the third derivative of 0 - 1/2*r**3 + 5/24*r**4 + 0*r - r**2. Give b(2).
7
Let a(i) = i. Let q = 0 - -6. Let r be q*3/(-2) - -3. Let o be a(r). Let h(l) = l**2 + 6*l - 4. Calculate h(o).
-4
Let i(r) = r**3 - r**2 - r. Let b be (-4)/10 - 42/(-30). Suppose -b = -p - 8. Let z = p - -8. Give i(z).
-1
Let s(w) be the second derivative of -w**5/30 + w**4/24 + 23*w**3/6 + 31*w. Let l(i) be the second derivative of s(i). Give l(-2).
9
Let r(z) = -62*z - 434. Let b be r(-7). Let v(k) = k**2 + 4*k - 4. What is v(b)?
-4
Let i(z) = -1. Let k(l) = -3*l**2 - 1. Let m(x) = i(x) - k(x). Let c = 82 - 83. Determine m(c).
3
Suppose -4*w + 4*h = 28, -w - 10 = w - h. Let y be 0*(9/w - -4). Let r be y/((-2)/3*3). Let g(i) = -i**2 + 1. What is g(r)?
1
Let l = 5 - -3. Let x(u) = 9*u + 118. Let j(m) = 4*m + 54. Let g(n) = -11*j(n) + 5*x(n). What is g(l)?
4
Let c(o) = 11*o - 4. Suppose -63*a - 16 = -79*a. Determine c(a).
7
Suppose 0 = 3*a + 4 - 16. Suppose a*n = -n. Suppose 4*s + 4 = -n. Let g(h) = -h**3 + 2*h + 1. Calculate g(s).
0
Let l(m) = -5*m**2 - 5*m + 3. Let q be 8 + -1 - (10/5 + 3). Determine l(q).
-27
Let t(i) be the first derivative of -2*i**2 + 4*i + 122. Give t(-2).
12
Let t(d) = 9*d + 3 - 6 - d**3 - 5 + 6*d**2 + 1. Let z be 26/4 - (-4)/8. Determine t(z).
7
Suppose -4*f - 4*j = 0, 3*f - 4*j - 15 = -2*j. Suppose -3*s + 4 + 2 = 0. Let p(k) = -2*k**2 - 4*k + 3 - k**2 + 2*k**2 - k**s + k**3. Calculate p(f).
0
Let g(i) = -i**2 + 2*i - 1. Suppose 16*v = 21*v - 10. Suppose v*u + 5*q - 18 = 0, q - 6 = -2*q. What is g(u)?
-9
Let x = 245 + -242. Let d(l) be the first derivative of l**3/3 + l + 1. Determine d(x).
10
Let o(f) = -294978*f + 2*f**3 + 294978*f. Determine o(-1).
-2
Let k(p) = -p**2 + 5*p + 1. Let l = 45 + 27. Let m = l + -68. What is k(m)?
5
Let v(z) = 257*z + 252*z - 510*z + 3. What is v(-6)?
9
Let u = 4359 - 4361. Let k(l) = l + 1. Let w(i) = -4*i - 4. Let x(j) = -9*k(j) - 2*w(j). What is x(u)?
1
Let z(w) = 4*w**3 - 4*w**2 + 4*w + 2. Let l(g) = -3*g**3 + 3*g**2 - 3*g - 3. Let b(y) = 3*l(y) + 2*z(y). Give b(0).
-5
Let p(i) = -i**3 - 7*i**2 + 7*i + 3. Let b be 6/((-12)/5)*(-1 - -17). Let q be 305/b + 3/(-8). Give p(q).
11
Let w(p) = -p**2 + 8*p + 4. Let r(u) = -4*u**2 + 27*u - 9. Let i be r(6). Calculate w(i).
-5
Let a(w) = w**2 + w + 1. Let h(o) = 40*o**2 + 5 + 0 - 39*o**2. Let k(y) = -2*a(y) + h(y). What is k(-4)?
-5
Suppose 0 = -5*m + 5*o - 10, -o = 1 - 5. Let v(j) = 9*j - 79 - m*j - j**2 + 76. What is v(4)?
9
Let c(k) = k. Let p(w) = 2*w**3 - w**2 - 2*w - 1. Let a be p(-1). Let f be a/9 + (-40)/(-18). Suppose -f*z = -6*z + 24. What is c(z)?
6
Let s(y) be the third derivative of y**7/2520 + y**6/720 - y**5/20 - 5*y**4/24 - 7*y**2. Let t(h) be the second derivative of s(h). Give t(0).
-6
Let f(s) be the second derivative of 5/12*s**4 - 5/6*s**3 + 0 + 0*s**2 + 18*s + 1/20*s**5. What is f(-6)?
-6
Let x(j) = j**3 - 9*j**2 - 11*j + 4. Let m be (-32)/(-2) - (6 + 5 + -5). Calculate x(m).
-6
Let k(h) be the second derivative of -h**5/20 - 7*h**4/12 + 4*h**3/3 - 2*h**2 + 7*h + 3. Give k(-8).
-4
Let b(s) be the third derivative of -s**6/30 + s**5/30 + s**4/12 + s**3/6 + s**2. Let v be b(-1). Let m(n) = n**3 - 6*n**2 + 4*n - 1. Give m(v).
-6
Let o(a) = -2*a**3 + 2*a**2 + 3*a - 2. Let j be 52/130*5*1. What is o(j)?
-4
Let r(d) = -2*d**2 + 7*d. Let z be (-4)/(-7) - (-10 + 100/28). What is r(z)?
-49
Let c(t) = -t**3 + 7*t**2 + 7*t + 11. Let y = 5 - -161. Suppose 0 = -2*d - 2*h + 31 + 37, 5*d + h = y. Let i = d + -25. Determine c(i).
3
Let k(m) = -2*m**2 - 6*m - 3. Let l(v) = -2*v**2 - 6*v - 3. Let z(h) = -4*k(h) + 5*l(h). Give z(-2).
1
Let o(s) = -s**2 + 11*s + 16. Let h be o(12). Suppose n + 7 = -0*n - q, q - 3 = h*n. Let x(z) = 0 + 2 + 5*z + 0. Give x(n).
-8
Let m(n) = -n - 34. Let l(c) = 1. Let z(o) = -6*l(o) - m(o). Calculate z(0).
28
Let b(q) = -7*q - 17. Let v = -75 + 71. Let k(w) = -9*w - 18. Let f(u) = v*k(u) + 5*b(u). Give f(6).
-7
Let d(k) = -3*k - 9. Let p be d(-4). Suppose -27 = 4*f + v, 3*v = p*f + f + 47. Let t(b) = b**3 + 8*b**2 - 3*b - 4. Give t(f).
20
Let p(a) = a**2 - 3*a - 9. Let l(r) = -r**2 + 2*r + 10. Let f(i) = -2*l(i) - 3*p(i). Give f(5).
7
Let o(m) = m. Let d = 27 - 26. Let f(l) = -l + 10. Let y(c) = 10. Let z(j) = 3*f(j) - 4*y(j). Let q(v) = d*z(v) + 2*o(v). Calculate q(-8).
-2
Let f(l) = l + 24. Let z be f(-17). Let b(u) = -5 - 6 + z + 3*u + u. Determine b(4).
12
Let b(i) = i**3 + i + 4. Let j(d) = 19*d + 529. Let a be j(-28). Give b(a).
-26
Let u(c) = 4*c + 14. Let l(p) = -2*p - 7. Let m(d) = -5*l(d) - 2*u(d). Let h be m(-7). Let q(r) = r**2 + 7*r. Give q(h).
0
Suppose -4*q = -158 + 18. Let a = q - 24. Let c(y) = 3 - 2*y - a + 6. What is c(-4)?
6
Let b(q) = 7*q**2 + 2*q - 1. Let p(g) = 15*g**2 + 4*g - 3. Let f be ((-2)/6)/(1/(-27)). Let o(r) = f*b(r) - 4*p(r). Calculate o(-2).
11
Let b be ((-39)/((-12285)/(-90)))/(((-1)/1)/7). Let m(w) = -w**3 + 7*w**2 + 7*w + 10. Let k be m(8). Let x(i) = 4 - 4 + i**k - 1. Give x(